= 916*g + 3636. What is the tens digit of i(51)?
5
Let v(i) = 42*i + 2. Let b be v(-6). Suppose -3*g - 5*m = -7*g - 425, 2*g + 5*m = -205. Let p = g - b. What is the tens digit of p?
4
Let r(s) = 5*s**2 + 17*s + 12. Let x be r(-4). Suppose -12*z + x = -0*z. What is the units digit of (38 - z) + 3 - 4/(-4)?
0
Let u(x) = 2*x**2 + 62*x - 119. What is the hundreds digit of u(-81)?
9
Let x(r) = -r**3 + r**2 + 35*r + 6. Let f be x(-6). Let n(l) = l**2 - 9*l + 2. Let s be n(5). What is the units digit of 3*-8*f/s?
4
Let q(t) = 518*t - 23. Suppose -2*d + 16 = 6*d. What is the units digit of q(d)?
3
Suppose -229*h + 167*h = -565936. What is the thousands digit of h?
9
Suppose x - 5*g + 7*g + 28 = 0, 4*x + 2*g = -142. Let k = x + 43. Suppose -320 = -2*u - 4*q, 5*q = k*u - 3*u - 275. What is the tens digit of u?
5
Let l(x) = -x**3 - 4*x**2 + 11*x - 8. Let k be l(4). Let t = k + 90. What is the hundreds digit of 1124/8 - ((-3)/t + -2)?
1
Let f be (-249)/2 + 2/4. Suppose -6383 + 7013 = -14*p. Let m = p - f. What is the tens digit of m?
7
Let l = 38 + -30. Suppose 2*b + l = 6*b. Suppose 696 = -b*w + 6*w. What is the hundreds digit of w?
1
Suppose -103*h + 7*h + 1913664 = 0. What is the units digit of h?
4
Suppose -8823 = -3*w - 2*s, 11764 = 4*w + 6*s - s. What is the thousands digit of w?
2
Let v be 6 - ((-2 - 109) + 1). Suppose v*o = 115*o + 373. What is the tens digit of o?
7
What is the tens digit of 1/(-5) - (-34 + 7366828/(-140))?
5
Let l(z) = -z**2 + 2*z**2 - 9*z + 6 - 3 + 0. Let u be l(9). Suppose -u*v + 21 + 3 = 3*f, 21 = 2*v + 3*f. What is the units digit of v?
3
Let u(v) = 38*v - 2. What is the thousands digit of u(29)?
1
Suppose -7*p - 2*p = 36. What is the units digit of 4 + 10/p*146*-2?
4
Suppose 7*x - 461 = 4*x - 2*u, -623 = -4*x - u. Let j = 676 - x. What is the units digit of j?
9
Suppose 1591*i = 1557*i + 714. What is the units digit of i?
1
Suppose -11 = -2*a + j, -3*a - 4*j - 5 = -16. Suppose a*u - 976 - 674 = 0. What is the hundreds digit of u?
3
Let p(o) = 4857*o + 2099. What is the tens digit of p(2)?
1
Let y(q) = 42*q**2 - 3*q - 1. Let m be y(-1). Let z = m + -40. Suppose -5*b + 111 = -z*b. What is the hundreds digit of b?
1
Let r = -38 + 36. Let d(z) = -3*z - 1. Let i(s) = s + 1. Let o(b) = r*d(b) + 6*i(b). What is the tens digit of o(7)?
9
Let g(c) = -c**3 + 5*c**2 + 8*c - 12. Let k = -2 - -10. Let t be g(k). Let l = 208 + t. What is the tens digit of l?
6
Let r(y) = 5856*y - 3556. What is the ten thousands digit of r(10)?
5
Let p(o) = o**3 + 4*o**2 - 12*o + 9. Let u be p(5). Suppose -9*f - u = 267. Let g = -25 - f. What is the units digit of g?
4
Let b be (-12 - -9)/(6/(-50)). Let i(z) = 15*z + 76. What is the hundreds digit of i(b)?
4
Let s(d) = -d + 20. Let f be s(16). Suppose 0 = 5*n - 5*z - 485, -3*z - 95 = -n - f*z. Suppose -4*j + n = -j. What is the units digit of j?
2
Let a(c) = -5*c**3 + 25*c + 57. What is the hundreds digit of a(-12)?
3
Suppose 5*i + i = 876. Suppose 104*m - 228 = 110*m. Let v = i + m. What is the hundreds digit of v?
1
Suppose -20*q = -17*q, -2*q + 1267 = p. Let v = -442 + p. What is the hundreds digit of v?
8
Suppose 15 = l + 4*l. Suppose -l*k + 2*z + 254 = 0, 425 = 5*k + 2*z - 7*z. Suppose -62 = -h + 4*x, 2*h + x = k + 13. What is the tens digit of h?
5
Suppose 0 = 4*t - 3*t - 70. Suppose -t*r + 68*r = -372. What is the units digit of r?
6
Suppose 2*l + 146362 = 6*k, -16*l + 21*l - 121995 = -5*k. What is the ten thousands digit of k?
2
Let u = 466 - 300. Let b = 111 - u. What is the hundreds digit of (-5918)/b + 2/5?
1
Let f = -180 + 34. Let z = 152 + f. What is the units digit of z?
6
Suppose -5*w = 5*a - 25, -2*a - w = a - 11. Suppose -4*s + 1353 = -a*h - 269, -2037 = -5*s - h. What is the tens digit of s?
0
Let k = -176 - -109. Let q = k - -298. What is the hundreds digit of q?
2
Let m(a) = 2*a - 5. Let f be m(4). Let z be 3/(f*(2 - (-42)/(-20))). What is the units digit of 7/(7/(-6))*z?
0
Let y(m) = -15*m**3 - 6*m**2 - 11*m - 4. Let w be y(-3). Suppose o - 472 = -5*f, 0 = 4*f - 4*o + 6*o - w. What is the units digit of f?
4
Suppose f + 3*b = 412, -2*b = 3*f - 1158 - 71. Let l = -112 + f. What is the tens digit of l?
9
Let r(k) = 4*k**3 - 6*k**2 + 18*k - 15. Suppose 25 = 3*u - 5*f - 13, 3*f + 12 = 0. What is the units digit of r(u)?
1
What is the tens digit of 25/(2/(-3) - ((-124406)/33915 - -3))?
2
Let j be (-188)/4 + 18/6. What is the tens digit of 11/j*4*(-1081 - 1)?
8
Suppose -51*y + 28*y + 76843 = 0. What is the tens digit of y?
4
What is the tens digit of 160/30*44061/76?
9
Let j be (-808)/(3 + -3 - -1). Let y be (j/(-12))/((-2)/3). What is the tens digit of (-1 + 4 + -5 + y)/(-1)?
0
What is the thousands digit of 37127 - (-19)/(114/(-78))?
7
Suppose 0 = 11*r - 114 - 172. Suppose r*i - 27*i = -102. What is the tens digit of i?
0
Let r(o) = 412*o + 3779. What is the ten thousands digit of r(60)?
2
Let w = 662 + -650. Suppose 14*g = w*g - y + 831, 0 = -3*g + 4*y + 1219. What is the units digit of g?
3
Let h be (-6)/(-14) + 510/35. Suppose 2*k = 5*k - h. Suppose 375 = k*j - 0*j. What is the tens digit of j?
7
Suppose 2*x - 2 = t, 5*x - 5*t = -0*t - 5. Suppose -x*a - 5*s + 95 = -51, s = 2*a - 93. Let w = a - 43. What is the units digit of w?
4
What is the hundreds digit of (-623)/(((-39)/6)/13)?
2
What is the units digit of 2748963/42 + 66/12?
7
Let u(g) be the first derivative of -g**3 - 5*g**2/2 - 2*g + 42. Let v be u(-1). Suppose v = 9*r + 2*r - 1419. What is the tens digit of r?
2
Suppose -a - 4267 = -2*t, 3*t - 5878 = 2*a + 522. What is the units digit of t?
4
Suppose 8*a - 2*k = 15302, -13*k = 5*a - 9*k - 9590. What is the hundreds digit of a?
9
Let w = 6 + 28. Let r(y) = 19*y**3 - 10*y**2 + w*y**3 + 9*y**2 - y + 2. What is the tens digit of r(1)?
5
Let p = -163 + 171. Suppose p*x = 1137 + 2895. What is the hundreds digit of x?
5
Suppose 74*t + 219165 = 2192745. What is the units digit of t?
0
Let a be 1 + 2 + -2 + -7. Let y be (3 - -1) + a + 5. Suppose -v + 204 = y*p - 35, 4*p = -v + 317. What is the tens digit of p?
7
Suppose 953 = 4*q + 77. Let f = -48 + q. What is the tens digit of f?
7
Let z = -19758 + 70929. What is the units digit of z?
1
Let n(f) = -f**2 - 73*f - 358. What is the units digit of n(-50)?
2
Let d be 7876/(-10) + -3 + (-198)/(-55). Let c = 2125 + d. What is the units digit of c?
8
Suppose -10*x - 53*x + 284377 = -372335. What is the hundreds digit of x?
4
Suppose 205*q - 4325597 = 619413. What is the hundreds digit of q?
1
Let f = -158 + 4746. What is the units digit of f?
8
Suppose 3776 = -x + 12830. Suppose -16*p + 5154 + x = 0. What is the tens digit of p?
8
Let u(x) = x**3 + 31*x**2 + 13*x - 278. Let q be u(-30). Suppose -5*h = -11 - 4. Suppose -4*p = n - 310, -4*n = h*p - 3*n - q. What is the units digit of p?
8
Let o = 13563 + -2357. What is the ten thousands digit of o?
1
Let u be (-338)/((-6 - (-4 + -1))/1). Let i = -80 + u. What is the tens digit of i?
5
Let o be ((-3)/12*-6)/((-24)/5920). Let m = -284 - o. What is the tens digit of m?
8
Suppose 11*z - 24 = 5*z. Suppose -z + 31 = 3*u. Suppose 84 = -5*b + u*b. What is the units digit of b?
1
Let g(k) = k**2 + 5*k + 2. Let s be g(-5). Suppose 2*h = -s*w + 32, h - 5*w + 0*w - 34 = 0. Suppose 0 = -14*p + h*p - 120. What is the tens digit of p?
2
What is the tens digit of (34291 - 0) + (-13 - (-23)/((-414)/(-288)))?
9
Let z = -82646 + 139627. What is the thousands digit of z?
6
Suppose -2*n = 6, 5*r = -3*n + 10 - 34. Let f be -4*(-3 - r/2). Suppose f*m + 4*q - 111 = 3*m, 0 = -4*m - 4*q + 148. What is the tens digit of m?
3
Suppose n + 308 - 310 = 0. Suppose -5*m - 4*i + 5403 = -n*i, 3*m - i = 3244. What is the hundreds digit of m?
0
Let k(s) = -s**3 - 37*s**2 + 91*s - 188. What is the units digit of k(-42)?
0
Let q = -510 + 153. Let y = -70 - q. Let n = 433 - y. What is the hundreds digit of n?
1
Let r be (-15)/9 - 1873/3. Let j = r + 1055. What is the tens digit of j?
2
Let h(t) = -9*t**2 + 17*t - 14. Let x be h(-10). Let s = -554 - x. What is the units digit of s?
0
Let k(h) = 55*h**2 + 34*h - 42. What is the units digit of k(-20)?
8
Let l(r) = 2*r**3 + 46*r**2 - 10*r - 9. Let u be l(-23). Let x = u + -172. What is the units digit of x?
9
Let c(j) = 924*j**3 + 4*j**2 - 28*j + 48. What is the hundreds digit of c